test common factor of i and 2?
2
Let q(l) = l**3 + 3*l**2 - 14*l + 874. Let h be q(0). Calculate the highest common divisor of 114 and h.
38
Suppose 35*a - 58 = 642. Calculate the highest common factor of 20 and a.
20
Suppose -47 = -4*q + j, 0 = -3*j + 2*j + 1. Let s(g) = -g**3 + 4*g**2 - g. Let k be s(3). Suppose -756 = -k*o - o. What is the highest common factor of o and q?
12
Let j(v) = -50*v - 2. Let g(l) = -51*l - 1. Let k(x) = 3*g(x) - 2*j(x). Let n be k(-3). Calculate the highest common factor of 20 and n.
20
Let v(x) = -4*x - 6. Let c be v(9). Let k = 46 + c. Calculate the greatest common factor of k and 1.
1
Suppose 3*v - 9*u = -13*u + 80, 5*v + 4*u - 128 = 0. Let m be ((-72)/(-42))/(1/35). What is the highest common divisor of m and v?
12
Let k(r) = -34*r**2 - 2*r + 1. Let i be k(1). Let w = 36 + i. Suppose -17 = -3*m - 2*y, -2*m = 4*y - 11 - 3. What is the greatest common divisor of w and m?
1
Let y be 5 + 4 + (-1 - 1). Let q(v) = v**2 - 6*v + 2. Let r be q(y). Let z be (3 - -30)*3/r. Calculate the greatest common factor of z and 121.
11
Let z be (304/(-57))/(-3*6/81). Calculate the greatest common factor of 3 and z.
3
Let z(j) = j**3 - 4*j**2 - 25*j - 50. Let c be z(15). What is the greatest common factor of c and 25?
25
Let u(k) = -4*k - 28. Let d be u(-10). Suppose -4*h = 4*s - 36, 3*h - d + 0 = 2*s. Calculate the highest common factor of h and 18.
6
Let j be 90/(-75) - (-2044)/20. Calculate the greatest common divisor of j and 3.
1
Let j(d) = d**3 + 35*d**2 + 57. Let g be j(-35). Calculate the greatest common factor of g and 209.
19
Let g = 49 - 32. Suppose -11 = l - 5*q, -3*q = -2*l + 4*l - g. Calculate the highest common factor of l and 32.
4
Let n be 112 - (-7)/((-14)/(-4)). What is the highest common factor of n and 171?
57
Let g = -3932 + 6588. Calculate the greatest common factor of 32 and g.
32
Suppose 0 = 8*w - 3*w - 15. Suppose 4*b + q = 19, -w*b + 25 = b - 5*q. Calculate the highest common factor of b and 10.
5
Let j(x) = -x**3 + 3*x**2 + 4*x + 3. Suppose r - 5*r + 16 = 0. Let p be j(r). Calculate the highest common divisor of p and 9.
3
Suppose 0 = -31*n + 36*n - 190. Let g(s) = -s + 13. Let o be g(-6). Calculate the highest common factor of n and o.
19
Let u = 0 + 6. Let x(s) = s**3 - 4*s**2 - 3*s - 14. Let y be x(u). What is the highest common divisor of 10 and y?
10
Let x(y) = y**2 + 22*y + 5. Let w be x(-22). Suppose -t + 112 = w*j, 0 = -3*t + 5*j + 506 - 150. Calculate the highest common factor of 13 and t.
13
Let b = 222 - 213. Calculate the highest common factor of 1 and b.
1
Suppose 340 = 23*r + 11*r. Calculate the greatest common factor of r and 85.
5
Suppose 0 = 2*w + 3*w - 10. Suppose -5*j + 1288 = w*a + 476, -8 = -2*j. Calculate the greatest common factor of a and 36.
36
Let r = -24 + 19. Let g(y) = -y**3 - 2*y**2 + y + 7. Let n be g(r). Calculate the greatest common factor of 11 and n.
11
Suppose 5*l - 2*u - 1414 = 0, 3*l - 4*u - 255 = 599. What is the highest common divisor of 6 and l?
6
Let l = 1769 - 1459. Calculate the greatest common factor of l and 496.
62
Let g(p) = 4*p + 36. Let q be g(6). What is the highest common factor of 36 and q?
12
Let m = 170 + -150. Let j(a) = a**2 + 2*a - 1. Let i be j(2). Suppose y + 3*s = i + 13, 5*s = y + 12. What is the highest common divisor of y and m?
4
Suppose -6*v + o - 2 = -2*v, 2 = -2*v + o. Let i(b) = b + 25. Let y be i(v). What is the greatest common factor of 20 and y?
5
Let x = -102 + 104. Suppose 0 = x*c - 11 - 31. Calculate the highest common divisor of c and 147.
21
Let c be -14 - 1848/((-11)/1). Suppose t = -4*f + 30, 0 = 2*f - 6 - 2. What is the greatest common factor of c and t?
14
Let z = 569 - 141. Let a be 1/5 - (1 + z/(-10)). Calculate the greatest common factor of a and 14.
14
Suppose 15*d + 84 = 19*d. Let u = d + 21. Suppose -3*i + 23 = 5*q, -5*i - 5*q + 4 + 31 = 0. What is the greatest common divisor of u and i?
6
Let a be (34/12 - 1/(-6)) + 7. Let o(k) = 38*k - 6. Let d be o(2). What is the highest common divisor of d and a?
10
Let r be (-2 + -28)*(-3 + -1). Let s be 9/12 - (-3)/(-4). Let n be 2 - -13 - (s + 0). What is the highest common factor of r and n?
15
Let n be (-15)/25 + 3406/10. Let p = n + -230. Calculate the greatest common factor of 44 and p.
22
Let x be 0 - -17 - (-5 + 7). Suppose q - 4*q - 12 = -2*t, 0 = -3*q. What is the greatest common factor of x and t?
3
Let m(r) = 2*r**3 + 2*r + 1. Let w be m(-2). Let b be 1*(0 - 2)*w. Suppose 2*l = -2*l + 4*d + 56, 5*d - b = -4*l. What is the highest common factor of 4 and l?
4
Let k be 3/(-3 + 45/10). Suppose k*u + 2*u - 5*s - 144 = 0, 0 = u - 5*s - 21. Let c = -70 + 111. Calculate the greatest common divisor of c and u.
41
Suppose -3*r + 2*x = x - 34, 23 = 2*r - x. Let w(v) = -v**3 - 4*v**2 + 8*v + 9. Let t be w(-6). Calculate the greatest common factor of r and t.
11
Let y = -143 - -178. What is the greatest common factor of y and 35?
35
Suppose -2*r - 100 = -4*r. Calculate the greatest common divisor of r and 525.
25
Let v = 16 - -1. Let c = 18 - -22. Let m = -23 + c. What is the greatest common divisor of m and v?
17
Suppose 25*o - 28*o = -9. Suppose -11 = -o*d + 13. Calculate the highest common divisor of 4 and d.
4
Suppose z = -2*d + 50 + 13, -3*d + 99 = -3*z. Suppose -8*x + 618 = 106. Calculate the highest common factor of x and d.
32
Let o(v) = -v**2 - 34*v - 101. Let l be o(-30). Let c(u) = 8*u**2 + 2*u - 1. Let t be c(5). What is the greatest common divisor of t and l?
19
Let c be (-2 + -3)*(-170)/25. Calculate the highest common factor of 442 and c.
34
Let r = -121 - -85. Let w be (-7208)/r + -1 + (-14)/(-18). What is the greatest common divisor of w and 25?
25
Let s(p) be the third derivative of 4*p**2 + 0 + 1/6*p**3 - 1/60*p**5 + 0*p + 1/3*p**4. Let n be s(5). Calculate the highest common factor of n and 176.
16
Suppose j = -4*x + 30, 2*j - 7*j - 4*x = -86. Calculate the highest common divisor of j and 36.
2
Let c = 1814 + -1751. Let s = 5 + 4. Calculate the greatest common divisor of s and c.
9
Let j be (-3 - -1*12) + 4. Suppose -4*o - 2*l - 10 = 12, o + 9 = 3*l. Let f be o/(-15) - 386/(-10). Calculate the greatest common factor of j and f.
13
Let q be (2/(-4))/(1/(-2)). Let x be (-3)/((-3)/12*q). Let d = 438 + -306. What is the highest common factor of x and d?
12
Let a be -12*(-21)/9 + -1. What is the highest common factor of a and 594?
27
Let p = 462 + -431. What is the highest common divisor of p and 2449?
31
Let h(c) = c + 6. Let t be h(5). Let n be 11*(1 - (-352)/187 - (-4)/34). What is the greatest common divisor of n and t?
11
Suppose -70 = -5*u + z, 5*u = -0*u + 5*z + 70. Let s(n) = 3*n**2 + 5*n + 6. Let k be s(-6). What is the highest common divisor of u and k?
14
Let j be -8 - -150 - (2 + -3). What is the highest common factor of 13 and j?
13
Suppose 3 + 3 = 6*j. Let o = 6 - 4. Suppose 3 = -o*k + 4*h + 35, -4 = h. What is the highest common divisor of k and j?
1
Suppose -3*m + 3*x + 18 = 0, 0*m + 20 = 4*m - 5*x. Suppose -o = 9*o - m. Let h(s) = 10*s**2 + 1. Let r be h(1). What is the greatest common factor of r and o?
1
Suppose 39*g - 979 - 542 = 0. Calculate the highest common factor of 21 and g.
3
Suppose -l = -5*v - 740, 8*l - v - 1453 = 6*l. What is the greatest common divisor of 29 and l?
29
Let x(s) = s**3 - 10*s**2 + 9*s + 10. Let r be x(9). Suppose -15*d - 59 = -3*h - 19*d, 0 = 3*h + 5*d - 55. What is the greatest common factor of h and r?
5
Let s(x) = -x**3 - 15*x**2 + 4*x - 102. Let i be s(-16). Calculate the highest common factor of 288 and i.
18
Let u(l) = 14*l**2 - l + 2. Let g(d) = d**3 - 11*d**2 + 12*d - 19. Let w be g(10). Let q be u(w). What is the greatest common divisor of 105 and q?
15
Let d(a) = -a**2 + 8*a - 3. Let f be d(7). Let s(v) = -f*v - 3 + 7 + 4 - 2*v. Let t be s(-14). What is the highest common divisor of t and 23?
23
Let a(x) = 15*x**2 - x - 1. Let p be a(-2). Suppose 0 = n + 2*s - 46, 2*n - 3*s = n + p. What is the greatest common divisor of 130 and n?
26
Let u be (72/(-10))/(6/(-20)). Suppose 0 = h + 3 + u. Let a = h + 40. What is the greatest common factor of a and 117?
13
Let n be -2*23/6 + (-2)/6. Let z = 58 - n. Let y = 13 - 7. Calculate the greatest common divisor of y and z.
6
Let z be 0 + 14/(-77) - (-596)/11. Calcula